{"id":9278,"date":"2023-10-16T13:08:55","date_gmt":"2023-10-16T13:08:55","guid":{"rendered":"https:\/\/teste.nkoisas.pt\/?post_type=product&#038;p=9278"},"modified":"2026-03-12T14:40:09","modified_gmt":"2026-03-12T14:40:09","slug":"cortador-manual-de-batata","status":"publish","type":"product","link":"https:\/\/teste.nkoisas.pt\/index.php\/produto\/cortador-manual-de-batata\/","title":{"rendered":"Cortador Manual de Batata | Legumes"},"content":{"rendered":"<p>O cortador de batata \u00e9 adequado para restaurantes, lojas de sobremesas e cozinhas dom\u00e9sticas. Ideal para quem deseja preparar legumes e frutas para saladas, batatas fritas e sobremesas, economizando significativamente o tempo de preparo.<\/p>\n<p>O Nosso cortador de batata frita utiliza l\u00e2minas de a\u00e7o inoxid\u00e1vel 420 de qualidade alimentar atualizadas em tamanhos de 1\/2 polegada e 3\/8 polegada, permitindo o corte sem esfor\u00e7o de vegetais como batatas, cenouras, pepinos e vegetais ainda mais duros como batata doce.<\/p>\n<p>A alavanca com design ergon\u00f4mico opera com base no princ\u00edpio da alavancagem, apresentando uma empunhadura revestida de borracha para opera\u00e7\u00e3o antiderrapante e sem esfor\u00e7o. Obtenha facilmente tiras de alimentos, economizando energia e tempo.<\/p>\n<p>O cortador de batata \u00e9 projetado com 4 p\u00e9s antiderrapantes com ventosa, proporcionando forte ader\u00eancia \u00e0s superf\u00edcies e garantindo uma opera\u00e7\u00e3o est\u00e1vel. Melhora a estabilidade, evitando tombamento durante o uso e oferecendo opera\u00e7\u00e3o conveniente sem danificar os tampos das mesas.<\/p>\n<p>&nbsp;<\/p>\n\n    <div class=\"xs_social_share_widget xs_share_url after_content \t\tmain_content  wslu-style-1 wslu-share-box-shaped wslu-fill-colored wslu-none wslu-share-horizontal wslu-theme-font-no wslu-main_content\">\n\n\t\t\n        <ul>\n\t\t\t        <\/ul>\n    <\/div> \n","protected":false},"excerpt":{"rendered":"<ul>\n<li>L\u00e2minas de a\u00e7o inoxid\u00e1vel 420 de qualidade alimentar atualizadas em tamanhos de 1\/2 polegada e 3\/8 polegada<\/li>\n<li>Forte ader\u00eancia \u00e0s superf\u00edcies e garantindo uma opera\u00e7\u00e3o est\u00e1vel com 4 p\u00e9s antiderrapantes com ventosa<\/li>\n<li>A l\u00e2mina de a\u00e7o inoxid\u00e1vel pode ser desmontada para facilitar a limpeza<\/li>\n<\/ul>\n","protected":false},"featured_media":9279,"comment_status":"closed","ping_status":"closed","template":"","meta":{"postBodyCss":"","postBodyMargin":[],"postBodyPadding":[],"postBodyBackground":{"backgroundType":"classic","gradient":""}},"product_brand":[],"product_cat":[55,51,78,47],"product_tag":[736],"class_list":{"0":"post-9278","1":"product","2":"type-product","3":"status-publish","4":"has-post-thumbnail","6":"product_cat-bighub","7":"product_cat-equipamentos-de-cozinha-confeccao","8":"product_cat-preparacao-de-alimentos","9":"product_cat-produtos-novos","10":"product_tag-ve_s12inch38inchdefmv0","12":"first","13":"instock","14":"taxable","15":"shipping-taxable","16":"purchasable","17":"product-type-simple"},"_links":{"self":[{"href":"https:\/\/teste.nkoisas.pt\/index.php\/wp-json\/wp\/v2\/product\/9278","targetHints":{"allow":["GET"]}}],"collection":[{"href":"https:\/\/teste.nkoisas.pt\/index.php\/wp-json\/wp\/v2\/product"}],"about":[{"href":"https:\/\/teste.nkoisas.pt\/index.php\/wp-json\/wp\/v2\/types\/product"}],"replies":[{"embeddable":true,"href":"https:\/\/teste.nkoisas.pt\/index.php\/wp-json\/wp\/v2\/comments?post=9278"}],"wp:featuredmedia":[{"embeddable":true,"href":"https:\/\/teste.nkoisas.pt\/index.php\/wp-json\/wp\/v2\/media\/9279"}],"wp:attachment":[{"href":"https:\/\/teste.nkoisas.pt\/index.php\/wp-json\/wp\/v2\/media?parent=9278"}],"wp:term":[{"taxonomy":"product_brand","embeddable":true,"href":"https:\/\/teste.nkoisas.pt\/index.php\/wp-json\/wp\/v2\/product_brand?post=9278"},{"taxonomy":"product_cat","embeddable":true,"href":"https:\/\/teste.nkoisas.pt\/index.php\/wp-json\/wp\/v2\/product_cat?post=9278"},{"taxonomy":"product_tag","embeddable":true,"href":"https:\/\/teste.nkoisas.pt\/index.php\/wp-json\/wp\/v2\/product_tag?post=9278"}],"curies":[{"name":"wp","href":"https:\/\/api.w.org\/{rel}","templated":true}]}}